{"id":396,"date":"2009-07-03T15:18:42","date_gmt":"2009-07-03T14:18:42","guid":{"rendered":"http:\/\/192.168.123.104\/wordpress\/?page_id=396"},"modified":"2019-06-13T11:17:58","modified_gmt":"2019-06-13T09:17:58","slug":"impressum","status":"publish","type":"page","link":"https:\/\/www.commander1024.de\/wordpress\/impressum\/","title":{"rendered":"Impressum"},"content":{"rendered":"\n<h3 class=\"wp-block-heading\">Angaben gem\u00e4\u00df \u00a7 5 TMG:<\/h3>\n\n\n\n <p> Marcus Scholz <br \/> Starweg 67 <br \/> 48167 M\u00fcnster <\/p> \n\n\n\n<h3 class=\"wp-block-heading\">Kontakt:<\/h3>\n\n\n\n <p> E-Mail: commander {at} commander1024.de <\/p> \n\n\n\n<h3 class=\"wp-block-heading\">Verantwortlich f\u00fcr den Inhalt nach \u00a7 55 Abs. 2 RStV:<\/h3>\n\n\n\n <p> Marcus Scholz <br \/> Starweg 67 <br \/> 48167 M\u00fcnster <\/p> \n","protected":false},"excerpt":{"rendered":" <p> Angaben gem\u00e4\u00df \u00a7 5 TMG: Marcus Scholz Starweg 67 48167 M\u00fcnster Kontakt: E-Mail: commander {at} commander1024.de Verantwortlich f\u00fcr den Inhalt nach \u00a7 55 Abs. 2 RStV: Marcus Scholz Starweg 67 48167 M\u00fcnster <\/p> \n","protected":false},"author":1,"featured_media":0,"parent":0,"menu_order":0,"comment_status":"closed","ping_status":"closed","template":"template-nosidebar.php","meta":{"footnotes":""},"class_list":["post-396","page","type-page","status-publish","hentry","comments-closed","no-comments"],"yoast_head":"<!-- This site is optimized with the Yoast SEO plugin v27.5 - https:\/\/yoast.com\/product\/yoast-seo-wordpress\/ -->\n<title>Impressum &#8211; Commander1024<\/title>\n<meta name=\"robots\" content=\"index, follow, max-snippet:-1, max-image-preview:large, max-video-preview:-1\" \/>\n<link rel=\"canonical\" href=\"https:\/\/www.commander1024.de\/wordpress\/impressum\/\" \/>\n<script type=\"application\/ld+json\" class=\"yoast-schema-graph\">{\"@context\":\"https:\\\/\\\/schema.org\",\"@graph\":[{\"@type\":\"WebPage\",\"@id\":\"https:\\\/\\\/www.commander1024.de\\\/wordpress\\\/impressum\\\/\",\"url\":\"https:\\\/\\\/www.commander1024.de\\\/wordpress\\\/impressum\\\/\",\"name\":\"Impressum &#8211; Commander1024\",\"isPartOf\":{\"@id\":\"https:\\\/\\\/www.commander1024.de\\\/wordpress\\\/#website\"},\"datePublished\":\"2009-07-03T14:18:42+00:00\",\"dateModified\":\"2019-06-13T09:17:58+00:00\",\"breadcrumb\":{\"@id\":\"https:\\\/\\\/www.commander1024.de\\\/wordpress\\\/impressum\\\/#breadcrumb\"},\"inLanguage\":\"de\",\"potentialAction\":[{\"@type\":\"ReadAction\",\"target\":[\"https:\\\/\\\/www.commander1024.de\\\/wordpress\\\/impressum\\\/\"]}]},{\"@type\":\"BreadcrumbList\",\"@id\":\"https:\\\/\\\/www.commander1024.de\\\/wordpress\\\/impressum\\\/#breadcrumb\",\"itemListElement\":[{\"@type\":\"ListItem\",\"position\":1,\"name\":\"Startseite\",\"item\":\"https:\\\/\\\/www.commander1024.de\\\/wordpress\\\/\"},{\"@type\":\"ListItem\",\"position\":2,\"name\":\"Impressum\"}]},{\"@type\":\"WebSite\",\"@id\":\"https:\\\/\\\/www.commander1024.de\\\/wordpress\\\/#website\",\"url\":\"https:\\\/\\\/www.commander1024.de\\\/wordpress\\\/\",\"name\":\"Dem Commander1024 sein Blog\",\"description\":\"A Network Engineer&#039;s life\",\"publisher\":{\"@id\":\"https:\\\/\\\/www.commander1024.de\\\/wordpress\\\/#\\\/schema\\\/person\\\/aebb61d9f57867e2234becde6d99da8d\"},\"potentialAction\":[{\"@type\":\"SearchAction\",\"target\":{\"@type\":\"EntryPoint\",\"urlTemplate\":\"https:\\\/\\\/www.commander1024.de\\\/wordpress\\\/?s={search_term_string}\"},\"query-input\":{\"@type\":\"PropertyValueSpecification\",\"valueRequired\":true,\"valueName\":\"search_term_string\"}}],\"inLanguage\":\"de\"},{\"@type\":[\"Person\",\"Organization\"],\"@id\":\"https:\\\/\\\/www.commander1024.de\\\/wordpress\\\/#\\\/schema\\\/person\\\/aebb61d9f57867e2234becde6d99da8d\",\"name\":\"Marcus Scholz\",\"image\":{\"@type\":\"ImageObject\",\"inLanguage\":\"de\",\"@id\":\"https:\\\/\\\/www.commander1024.de\\\/wordpress\\\/wp-content\\\/uploads\\\/2020\\\/11\\\/Underground-Tour-89-scaled.jpg\",\"url\":\"https:\\\/\\\/www.commander1024.de\\\/wordpress\\\/wp-content\\\/uploads\\\/2020\\\/11\\\/Underground-Tour-89-scaled.jpg\",\"contentUrl\":\"https:\\\/\\\/www.commander1024.de\\\/wordpress\\\/wp-content\\\/uploads\\\/2020\\\/11\\\/Underground-Tour-89-scaled.jpg\",\"width\":1707,\"height\":2560,\"caption\":\"Marcus Scholz\"},\"logo\":{\"@id\":\"https:\\\/\\\/www.commander1024.de\\\/wordpress\\\/wp-content\\\/uploads\\\/2020\\\/11\\\/Underground-Tour-89-scaled.jpg\"},\"description\":\"Seit Kindheitstagen ist der Computer sein Begleiter. Was mit Linux anfing, wurde 2005 ein\\\/e Beruf\\\/ung, die weit \u00fcber den Arbeitsplatz hinausgeht. Durch stetige Weiterentwicklung fasste er auch im *BSD Segment Fu\u00df und bietet mittlerweile professionelle L\u00f6sungen im Bereich Hosting, Networking und Infrastruktur an. Als Ausgleich besch\u00e4ftigt er sich neben Computerspielen mit der Fotografie.\",\"sameAs\":[\"https:\\\/\\\/www.commander1024.de\",\"https:\\\/\\\/www.facebook.com\\\/Commander1024\",\"https:\\\/\\\/x.com\\\/Commander1024\",\"https:\\\/\\\/www.youtube.com\\\/channel\\\/UCG_WzkCMycoSH7lEcvKHnmA\"]}]}<\/script>\n<!-- \/ Yoast SEO plugin. -->","yoast_head_json":{"title":"Impressum &#8211; Commander1024","robots":{"index":"index","follow":"follow","max-snippet":"max-snippet:-1","max-image-preview":"max-image-preview:large","max-video-preview":"max-video-preview:-1"},"canonical":"https:\/\/www.commander1024.de\/wordpress\/impressum\/","schema":{"@context":"https:\/\/schema.org","@graph":[{"@type":"WebPage","@id":"https:\/\/www.commander1024.de\/wordpress\/impressum\/","url":"https:\/\/www.commander1024.de\/wordpress\/impressum\/","name":"Impressum &#8211; Commander1024","isPartOf":{"@id":"https:\/\/www.commander1024.de\/wordpress\/#website"},"datePublished":"2009-07-03T14:18:42+00:00","dateModified":"2019-06-13T09:17:58+00:00","breadcrumb":{"@id":"https:\/\/www.commander1024.de\/wordpress\/impressum\/#breadcrumb"},"inLanguage":"de","potentialAction":[{"@type":"ReadAction","target":["https:\/\/www.commander1024.de\/wordpress\/impressum\/"]}]},{"@type":"BreadcrumbList","@id":"https:\/\/www.commander1024.de\/wordpress\/impressum\/#breadcrumb","itemListElement":[{"@type":"ListItem","position":1,"name":"Startseite","item":"https:\/\/www.commander1024.de\/wordpress\/"},{"@type":"ListItem","position":2,"name":"Impressum"}]},{"@type":"WebSite","@id":"https:\/\/www.commander1024.de\/wordpress\/#website","url":"https:\/\/www.commander1024.de\/wordpress\/","name":"Dem Commander1024 sein Blog","description":"A Network Engineer&#039;s life","publisher":{"@id":"https:\/\/www.commander1024.de\/wordpress\/#\/schema\/person\/aebb61d9f57867e2234becde6d99da8d"},"potentialAction":[{"@type":"SearchAction","target":{"@type":"EntryPoint","urlTemplate":"https:\/\/www.commander1024.de\/wordpress\/?s={search_term_string}"},"query-input":{"@type":"PropertyValueSpecification","valueRequired":true,"valueName":"search_term_string"}}],"inLanguage":"de"},{"@type":["Person","Organization"],"@id":"https:\/\/www.commander1024.de\/wordpress\/#\/schema\/person\/aebb61d9f57867e2234becde6d99da8d","name":"Marcus Scholz","image":{"@type":"ImageObject","inLanguage":"de","@id":"https:\/\/www.commander1024.de\/wordpress\/wp-content\/uploads\/2020\/11\/Underground-Tour-89-scaled.jpg","url":"https:\/\/www.commander1024.de\/wordpress\/wp-content\/uploads\/2020\/11\/Underground-Tour-89-scaled.jpg","contentUrl":"https:\/\/www.commander1024.de\/wordpress\/wp-content\/uploads\/2020\/11\/Underground-Tour-89-scaled.jpg","width":1707,"height":2560,"caption":"Marcus Scholz"},"logo":{"@id":"https:\/\/www.commander1024.de\/wordpress\/wp-content\/uploads\/2020\/11\/Underground-Tour-89-scaled.jpg"},"description":"Seit Kindheitstagen ist der Computer sein Begleiter. Was mit Linux anfing, wurde 2005 ein\/e Beruf\/ung, die weit \u00fcber den Arbeitsplatz hinausgeht. Durch stetige Weiterentwicklung fasste er auch im *BSD Segment Fu\u00df und bietet mittlerweile professionelle L\u00f6sungen im Bereich Hosting, Networking und Infrastruktur an. Als Ausgleich besch\u00e4ftigt er sich neben Computerspielen mit der Fotografie.","sameAs":["https:\/\/www.commander1024.de","https:\/\/www.facebook.com\/Commander1024","https:\/\/x.com\/Commander1024","https:\/\/www.youtube.com\/channel\/UCG_WzkCMycoSH7lEcvKHnmA"]}]}},"_links":{"self":[{"href":"https:\/\/www.commander1024.de\/wordpress\/wp-json\/wp\/v2\/pages\/396","targetHints":{"allow":["GET"]}}],"collection":[{"href":"https:\/\/www.commander1024.de\/wordpress\/wp-json\/wp\/v2\/pages"}],"about":[{"href":"https:\/\/www.commander1024.de\/wordpress\/wp-json\/wp\/v2\/types\/page"}],"author":[{"embeddable":true,"href":"https:\/\/www.commander1024.de\/wordpress\/wp-json\/wp\/v2\/users\/1"}],"replies":[{"embeddable":true,"href":"https:\/\/www.commander1024.de\/wordpress\/wp-json\/wp\/v2\/comments?post=396"}],"version-history":[{"count":15,"href":"https:\/\/www.commander1024.de\/wordpress\/wp-json\/wp\/v2\/pages\/396\/revisions"}],"predecessor-version":[{"id":5880,"href":"https:\/\/www.commander1024.de\/wordpress\/wp-json\/wp\/v2\/pages\/396\/revisions\/5880"}],"wp:attachment":[{"href":"https:\/\/www.commander1024.de\/wordpress\/wp-json\/wp\/v2\/media?parent=396"}],"curies":[{"name":"wp","href":"https:\/\/api.w.org\/{rel}","templated":true}]}}